- 93 = 0. Suppose v*k - 18567 = 23*k. Is k a prime number?
True
Suppose 0 = 7*c - 6*c - 5. Suppose -8*o + c*o - 3*b + 11010 = 0, -7345 = -2*o - 3*b. Is o composite?
True
Suppose w + 17 = 41. Suppose -314 = -10*s - w. Suppose -25*m - 5108 = -s*m. Is m prime?
True
Suppose 99362 - 44161 = 2*v - 82005. Is v a composite number?
True
Let b = -21570 + 37951. Is b composite?
False
Suppose 3*n + 3*l = 12, 16 = -5*n - 3*l + 34. Suppose 4*t = 2*g - 17486, 3*g = g - n*t + 17479. Is g a prime number?
True
Let u = 151 - 359. Is (-41901)/(-13) + 32/u prime?
False
Let l = 379746 - 118343. Is l composite?
True
Suppose 2*a - 2*c = 80, c + 13 = -3*a + 117. Suppose -437435 + 57743 = -a*i. Is i a prime number?
False
Let g = 47 - 54. Is 19367 + (g - -3) + 6 a prime number?
False
Let u(a) = -4*a**3 - 19*a**2 + 21*a + 19. Let p(q) = q**2 - 17*q - 15. Let k be p(17). Is u(k) composite?
False
Let l(s) = -15*s**2 - 14*s + 23. Let v(c) = 30*c**2 + 29*c - 45. Let r(b) = 7*l(b) + 3*v(b). Let h be r(13). Let m = h + 4753. Is m prime?
False
Is ((-9)/(-15) + 7623/945)*342354/4 a composite number?
True
Suppose 4116598 + 15856642 = 56*j. Is j a prime number?
False
Let k(l) = 44200*l - 1219. Is k(17) composite?
True
Let g(d) = 863*d - 8709. Is g(92) composite?
False
Suppose -195*v + 4*x = -197*v + 539124, 4*x = -5*v + 1347786. Is v a composite number?
True
Suppose 0 = 4*u - 0*u - 4, 5*u = 5*s + 300. Let g = 82 + s. Suppose g*b = 18*b + 2245. Is b prime?
True
Let h(x) = 304*x**3 - 6*x - 7*x**2 - 11 + 7 + x**2 - 828*x**3. Let q be h(-3). Suppose -5*v + v = -q. Is v a composite number?
False
Let l(q) be the first derivative of q**4/2 - 31*q**3/3 + 21*q**2/2 - 23*q - 211. Is l(22) a prime number?
False
Let k = -99 - -128. Suppose 0*s = -3*f - s + 11, -s = -5*f + k. Suppose 5*y + 5*j = 3*y + 986, -3*y - f*j = -1479. Is y prime?
False
Suppose 2*d - 1305443 = -5*g, 130*g - 127*g - 2610823 = -4*d. Is d a prime number?
True
Suppose 18*u - 2*m + 83208 = 22*u, -4*u + 5*m = -83222. Is u a composite number?
True
Suppose 3 - 15 = -6*v. Suppose 2*c - 3396 = -5*j, -4*c + 8519 = c - v*j. Is c a prime number?
False
Let w = -3339 - -9934. Let j(r) = -r**2 + 52*r - 189. Let u be j(4). Suppose 2*m = 5*q - u*m - w, 0 = -m - 2. Is q prime?
False
Let h be 3 + 0/3 + -23. Suppose 0*z - 2*z - 4*t + 466 = 0, 4*z + 3*t = 907. Let j = z + h. Is j prime?
False
Let j(w) = 183*w**2 + 98*w + 58. Is j(-33) prime?
True
Let o = 716 - 404. Suppose -4*u - 4*w + 1836 = 0, -3*w - 1701 + o = -3*u. Let t = u + -166. Is t prime?
False
Suppose 3*j = 558 - 576, -3*k + 613995 = j. Is k a prime number?
True
Let l(k) = -4*k**2 + 2*k + 3. Let c be l(-2). Is -1 + 5666 - (c + 11 + 2) prime?
True
Let m(z) be the first derivative of 12*z**3 + 4*z**2 - 7*z - 95. Is m(16) a composite number?
False
Let h(z) = 2 - 5*z - 9 - 6*z**2 + z**3 - 4*z + 3*z. Let g be h(7). Suppose 5*x + 264 = 3*k, 0 = k - x - g*x - 86. Is k prime?
True
Suppose 2*k - 20673 = 21395. Suppose -f - k = 5*n - 90071, -5*f + 55238 = 4*n. Is n prime?
True
Let v be 8/68 - (-304152)/391. Let m = 802 + -263. Let r = v - m. Is r a prime number?
True
Is -5*(-18)/60*30556/6*1 a composite number?
False
Let f(d) = 2939*d**2 + 1939*d + 7. Is f(-6) a prime number?
False
Let l(m) = -60*m**3 + 63*m**2 + 46*m + 9. Is l(-20) a prime number?
True
Is (-81537)/(13 + (0 - 16)) composite?
False
Let z(n) = n**3 + 22*n**2 - 43*n + 3. Suppose -4*y + 81 = -3*q + 12, 3*y + 86 = -5*q. Is z(q) composite?
True
Let t(x) be the third derivative of x**5/60 - x**4/24 - 5*x**3/6 + x**2. Let j(l) = -3*l**2 + 186*l - 369. Let m be j(2). Is t(m) composite?
True
Let g = 297615 + -188236. Is g a prime number?
True
Suppose 26*l - 1188 = -40*l. Let n = 92 - 5. Is (22/l - 10/45)*n a composite number?
True
Suppose 8648 = -7*k + 3174. Let q = k + 2423. Is q a composite number?
True
Let x be -1*69*(-5)/(-15). Let k = x - -38. Suppose -g - 4*g = k, 3*g = -3*d + 594. Is d prime?
False
Let h(g) = g**2 + 10*g + 13. Let c be h(-10). Suppose 8*q = -3*b + c*q + 28481, 0 = 2*b - 3*q - 18986. Is b composite?
True
Is 109334/(-1)*(-42)/84 a prime number?
True
Suppose 4*r = 5*w + 166881, -3*r + 101838 + 23318 = w. Is r composite?
False
Let p(r) = -14585*r + 99. Is p(-4) a composite number?
False
Let b = 144994 + -93149. Is b a composite number?
True
Let o(l) = 3*l - 53. Let k(i) = -4*i + 80. Let w(d) = 5*k(d) + 8*o(d). Let n be w(7). Suppose n*t - 1837 = 303. Is t a composite number?
True
Let o = -134565 + 450826. Is o composite?
True
Let c(w) = -w**3 - 4*w**2 + 31*w - 27. Suppose 3*i - 9*y = -8*y - 37, 5*i = 4*y - 71. Is c(i) prime?
True
Let m = 38411 - 13072. Is m a prime number?
True
Let t = 268820 + -112509. Is t a prime number?
False
Suppose 143*c = -136*c + 257*c + 501314. Is c composite?
False
Suppose -7 = -3*g + 2. Suppose -2*x + 4*b - 8 = 0, 0*x + 16 = g*x + b. Is 3921/21 + x/14 a prime number?
False
Suppose 3*x - 7*x - 493828 + 2164968 = 0. Is x a composite number?
True
Suppose -n = 0, 3*y + 0 - 3 = -4*n. Is (138499/9 + 30/135)*y prime?
False
Is (-6*(-3)/18 - 2)/((-9)/1205019) prime?
False
Suppose -395*y = 32183713 - 114216128. Is y a composite number?
True
Let q = 89 - -7. Suppose 100*f - q*f = 24268. Is f a composite number?
False
Let l(j) = j**3 + 8*j**2 + 8*j + 17. Let s be l(-7). Suppose -2*z + 4 = 0, 2*o = -6*z + z + s. Suppose a - 72 = -q, o = -5*q + 27 - 2. Is a composite?
False
Let f be (-1073)/74 - (-2*1)/4. Let o(a) = -a**3 - 12*a**2 - 10*a + 10. Is o(f) prime?
False
Suppose -42*v = -51*v + 1305. Is v composite?
True
Let n(u) = -10*u + 28. Suppose -4*m + 0 - 28 = 0. Let i be n(m). Let l = -40 + i. Is l prime?
False
Let b be -2 - 5*12/(-10). Suppose 4*z + 264 = 2*j - z, b*z + 643 = 5*j. Is j a prime number?
True
Let p = -15 + 17. Suppose -2*k + x + 9 = 0, -p*k + 13 = -6*x + x. Is 3 - (k/(-1) + -1392) a composite number?
False
Is 15870 - ((-150)/(-10) + -8) a composite number?
True
Let g(s) = 28*s**2 + 6*s + 165. Let d(n) = -2*n + 6. Let l be d(-4). Is g(l) a composite number?
False
Suppose 6239 + 6575 = 2*f - 4*b, 3*f = 5*b + 19218. Suppose 7388 = 5*r - 3*r. Let l = f - r. Is l a composite number?
False
Suppose 24*z - 521786 = -32954. Is z - 1/1 - (88 - 90) a composite number?
False
Let x = -2563 - -4439. Suppose 6342 = 14*f + x. Is f a prime number?
False
Is (31/(-155))/(2/(-3843790)) prime?
False
Is 3*-2 + 4/((-56)/(-172046)) prime?
False
Let m(u) = -u**2 - 41*u + 136. Let c be m(-44). Suppose -s - 146440 = -c*t, -4*t + 146448 = 64*s - 67*s. Is t composite?
True
Is (1/5)/(1/400555) composite?
False
Let b be -11*(-2)/(-2)*-1. Let h be ((-16)/88)/((-4)/11)*20. Suppose -163 = h*m - b*m. Is m prime?
True
Is (-12)/864*-2049032 + (-2)/(-9) a composite number?
True
Suppose -542547 = -105*q + 3998598. Is q composite?
True
Let c be 4504/((-2)/((0 - -6) + -3)). Let t = 12265 + c. Is t a prime number?
False
Let y = 623804 - 52435. Is y prime?
True
Suppose 19*s + k = 15*s - 28, 4*s = 3*k - 12. Is 3/(s/4) + (421 - 30) prime?
True
Suppose 4*h - 361247 = g, 2*h - 65565 - 115051 = 2*g. Is h a prime number?
True
Suppose 5*j + 2*o = 1339705, 7*j + 5*o + 1071764 = 11*j. Is j a composite number?
False
Let w = -16463 - -27581. Let y = w - 4747. Is y a prime number?
False
Let f be 10/20 + 3/2. Suppose 6178 = -f*c + 4*c. Suppose -l + c = 150. Is l a prime number?
True
Suppose 10*m - 115 = 75. Suppose 4*d = -m*d + 141013. Is d a composite number?
False
Suppose 40*p - 7124642 - 5992684 + 3224966 = 0. Is p a composite number?
False
Let i(v) = 183*v**2 + 5*v + 15. Let q be i(-5). Suppose p + 4*o + 1424 = q, 4*o + 20 = 0. Is p a prime number?
False
Suppose -11*j = -4*j - 4*u - 241167, -103357 = -3*j + 2*u. Is j composite?
True
Suppose 7*h - 666687 = -0*h - 14*h. Is h a composite number?
True
Suppose 51 - 51 = -16*h. Suppose h = 23*k - 22*k - 6483. Is k a prime number?
False
Is 0 - (-1400901 + -13)/(0 + 2) a prime number?
False
Let c be 10/(-6)*(-24)/8. Suppose 0 = -4*z - 4*i + 952, 3*z + i - c*i = 721. Suppose -4*p + z = -17949. Is p composite?
False
Suppose -10 = 4*r - 0*b - b, -4 = 5*r + 3*b. Is 243040/88 + r/(-11) a composite number?
True
Is (-231)/(-11) + -23 - (1 - 96430) a prime number?
False
Let y be 11*(-1 + 0/(-3)). Is (-109790)/(-30) - y - 1/(-3) composite?
False
Suppose 1307 + 41 = 2*x. Suppose -w - 2*w = 4*n - x